-y**3 + 7*y**2 + 7*y + 10. Let b be (-5)/1 + 3412/4. Let q be b/265*5/2. Give a(q).
2
Let b(i) = -i**2 - 13*i - 50. Suppose 0 = -u - k - 10, 4*u - 2*k - 133 = -155. Calculate b(u).
-8
Let f(y) = -y**2 + 2*y + 11. Let o(d) = -d**2 - 1075*d - d**2 + 1097*d - 31. Let p be o(9). Give f(p).
-4
Let i(o) = o**2 + 9*o + 4. Suppose 0*q + 2*q - 8 = 0. Suppose -5 = q*b - 5*t, -7*b - 2*t = -2*b + 31. Determine i(b).
-16
Suppose 4*b - 40 = i + 3*i, -5*b = i - 20. Let u(a) = -2*a**2 - a - 1. Let r(k) = k**3 + 2*k**2 - k + 3. Let g(y) = r(y) + 3*u(y). What is g(b)?
5
Let i(v) = -41 + 5*v**2 + 52*v**3 + 2*v - 53*v**3 + 39. Suppose 2*c - 16 = p, 0 = 3*c + 4*p - 3*p - 14. Calculate i(c).
-26
Let v(m) be the second derivative of -m**6/360 - 2*m**5/15 + m**4/6 + 7*m**3 - m**2/2 - 69*m. Let p(l) be the second derivative of v(l). Determine p(-16).
4
Let p(n) = -4*n - 29. Let k be 384/(-36) + (-7)/3. Give p(k).
23
Let p = -34 + 79. Suppose -4*i + 91 - 263 = 0. Let s = p + i. Let h(w) = w**3 + 2*w**2 - w + 1. Give h(s).
15
Let t(x) = -2*x**2 - 9*x + 173. Let l(p) = p**2 + 4*p - 80. Let j(u) = 9*l(u) + 4*t(u). Determine j(-8).
36
Let y(g) = g**3 - 6*g**2 + 7*g - 2. Suppose 0 = 9*l + 18 - 36. Suppose 0 = -6*j - l*j + 40. What is y(j)?
8
Let m(h) be the first derivative of 3*h**4/4 + 14*h**3 - h**2/2 - 30*h + 7184. Calculate m(-14).
-16
Suppose 0 = 14*q - 25 - 59. Let m(s) = 3*s**3 - 4*s**2 + s - 5. Let v(w) = -7*w**3 + 7*w**2 - 2*w + 11. Let n(y) = -5*m(y) - 2*v(y). What is n(q)?
-3
Let t(p) be the second derivative of 2*p**3/3 - 49*p**2 + 176*p - 3. Calculate t(22).
-10
Let m be ((-1)/(-2))/(3/18). Suppose 0 = -3*h + m. Let b(u) be the first derivative of -u**4/2 - 2*u**3/3 + u + 927. What is b(h)?
-3
Let t be 43*-1 - (-1 + 5 + -6). Let c = -51 - t. Let m(p) = -p + 2. Determine m(c).
12
Let c(r) = r**3 + 13*r**2 + r + 9. Suppose -2*a + 4*j + 620 = 0, -2*j + 0*j + 1260 = 4*a. Let w = a + -327. Give c(w).
-4
Suppose 4*h - 5 = -h, -3*c - 5*h + 23 = 0. Suppose -48 = -10*x + 4*x. Let n(l) = -x*l - 1 - c*l - l**2 + 14*l. Give n(1).
-2
Let g be (3/(-6) + 2)/((-63)/168). Let h be (5/(-10))/(2/(-12)). Let n(z) = 4*z + 0*z + 6 - h*z + 2*z. Determine n(g).
-6
Let j(l) = -l**3 - 9*l**2 + 9*l - 3. Let t be j(-10). Let w(c) = -15 + 24 - t - 3*c - 9. Give w(-6).
11
Let g be -6*(-2)/3*(-183)/(-122). Let a(x) = -7*x + 33. Give a(g).
-9
Let h(d) be the second derivative of 0*d**3 + 0*d**4 - 1/20*d**5 - 17*d**2 + 4*d - 2. Give h(0).
-34
Let r(o) = -5*o**2 - 14*o - 12. Let t(a) be the first derivative of 4*a**3/3 + 11*a**2/2 + 12*a + 40. Let j(s) = 5*r(s) + 6*t(s). What is j(-6)?
0
Let o be 9/(-6)*(-4)/3. Let i be -2 - -1 - (-11)/(44/8). Let y(h) = 4 + h - 4 - i + 0. What is y(o)?
1
Let w(n) = 4*n + 7. Suppose 30*r = 25*r. Let f be w(r). Let s(d) = -2*d**2 + d**2 + 7*d - 653 + 656. What is s(f)?
3
Let z(t) be the first derivative of -t**3/3 - 3*t**2/2 - 5*t - 2. Let i = 6 - 12. Let b(r) = -2*r**2 - 8*r + 20. Let h be b(i). Calculate z(h).
-9
Let h be ((-39)/6 + 7)/((-2)/(-20)). Suppose -12 = 2*d + h*s - s, 2*d + s = 0. Let j(i) = -6*i**3 + i**2 + 2. What is j(d)?
-42
Let m(x) = -2*x**2 - 76*x + 256. Let t(r) = -3*r**3 - 75*r**2 + 4*r + 59. Let a be t(-25). Calculate m(a).
10
Let v(r) = -2*r**2 + 8*r - 6. Let k(f) = 2*f**3 + 24*f**2 + 5*f + 63. Let w be k(-12). What is v(w)?
0
Let h(q) = q**3 + 2*q**2 + 2*q + 1. Let l = 2009 + -2013. Determine h(l).
-39
Suppose 6 = -11*y + 28. Let g(p) = 0*p**2 + y*p**2 + 765*p - 766*p + 3 + 0*p**2. Give g(3).
18
Let x(g) = g**3 + 11*g**2 - 12*g + 3. Let f(p) = p**2 - p - 1. Let i(r) = 4*f(r) - x(r). Suppose -271*m - 247*m + 2129 = 6273. Determine i(m).
-7
Let r(k) = 203*k**3 - 146*k**2 + 140*k - 281. Let n(x) = 37*x**3 - 29*x**2 + 28*x - 56. Let j(t) = 11*n(t) - 2*r(t). Calculate j(26).
-2
Let z(o) = -1673*o - 13401. Let r be z(-8). Let b(u) = u**2 + 6*u - 40. What is b(r)?
147
Let z(k) = 51*k + 165. Let v(q) = 28*q + 82. Let y(w) = 7*v(w) - 4*z(w). Determine y(-11).
2
Let w(h) = -101*h**3 - 183*h**2 + 156*h - 154. Let a(x) = 15*x**3 + 26*x**2 - 23*x + 22. Let m(g) = -20*a(g) - 3*w(g). Calculate m(-10).
2
Suppose 2*h = -2*m + 4, 5*m - 2*h = h - 22. Let i be (10 - 4)*m/4. Let v(b) be the third derivative of b**4/24 - b**3/2 - 10*b**2 - 6. Determine v(i).
-6
Let o(q) be the first derivative of -8*q - 1/2*q**2 - 1/4*q**4 + 24 + 1/3*q**3. Give o(0).
-8
Let t(q) = 2*q**2 + 4*q - 3. Let o(s) = 3*s**2 + 14*s - 10. Let v(g) = o(g) - 4*t(g). Determine v(-1).
-1
Let y(z) = -11*z**3 + 40*z**2 - 26*z - 26. Let n(r) = 7*r**3 - 26*r**2 + 17*r + 17. Let l(c) = -8*n(c) - 5*y(c). Calculate l(7).
1
Let m(u) = u - 1. Let g(c) = -7*c + 6. Let a(r) = -5*g(r) - 30*m(r). Suppose 4*h = -4*h + 24. Suppose -8 = -2*p, 2*d + p = h*d + 2. Calculate a(d).
10
Suppose -z - 28 = -5*s, -236*s - 56 = 5*z - 240*s. Let o(a) = a - 16. Calculate o(z).
-24
Let p(w) be the first derivative of w**4/4 + w**3 - w**2/2 - 4*w - 1. Let z = 25 - 153. Let c = z + 125. Give p(c).
-1
Let l(p) = -p**3 + 7*p**2 - 5*p - 4. Let z be l(6). Let k(u) be the second derivative of -1/12*u**4 + 0 + 1/2*u**3 + 41*u - 3/2*u**2. Give k(z).
-1
Let t(k) be the first derivative of 69 - 2*k**2 + 0*k - 1/3*k**3. Calculate t(-3).
3
Let l(i) = 2*i**3 + 20*i**2 - 7*i - 5. Let p(t) = -t**3 + t**2 - 5*t + 2. Let z(h) = l(h) + 3*p(h). Give z(22).
1
Let b(t) be the third derivative of t**5/60 + 47*t**4/24 - 40*t**3/3 + 329*t**2 - t + 1. Calculate b(-49).
18
Suppose 5*o = -4*h + 326, 0*o + 4*h - 260 = -4*o. Let d = -66 + o. Suppose 5*x - 2*c - 12 = d, 3*x = -x - 5*c + 36. Let f(v) = v**2 + v + 3. Determine f(x).
23
Let s(a) be the third derivative of -a**6/120 - a**5/10 - 3*a**4/8 - 8*a**3/3 + 60*a**2. Let o be s(-5). Let t(n) = -4*n + 13. Give t(o).
-3
Let l(m) = -5*m**3 - 32*m**2 + 35*m - 7. Suppose 2*z - 702 = -712. Let o(p) = -3*p**3 - 21*p**2 + 23*p - 5. Let a(s) = z*l(s) + 8*o(s). What is a(7)?
9
Let u be (-165)/(-10)*(-248)/(-93). Let m(r) = 3*r**2 - 135*r + 129. What is m(u)?
-3
Let m = 4415 - 4417. Let v(j) = 17*j + 33. Give v(m).
-1
Let p(u) = -13*u - 4 + 0*u + 5. Let m be 0/(-6 - 10/(-8 - -3)). Suppose 4*k + 0 - 4 = m. Determine p(k).
-12
Let i(l) = l**2 - 7*l - 12. Let u(s) = s**2 - 2*s. Let k be u(4). Let a be i(k). Let r(q) = 20*q - 34*q - 1 + 15*q. Give r(a).
-5
Let y = 154 + -248. Let c = y + 95. Let d(k) be the third derivative of -k**5/30 - k**4/12 + k**3/6 + k**2. Determine d(c).
-3
Let z(u) = -u**3 - 26*u**2 + 26*u - 58. Let s be 55/(-44) + (-515)/20. Determine z(s).
-31
Let p(g) = -g**3 - 7*g - 16. Let s be (200/(-30) + 7)*-9. What is p(s)?
32
Let f(w) = -6*w**2 - 231*w + 117. Let d be f(-39). Let p(m) = m**2 + 5*m - 7. Determine p(d).
-7
Let v = 284 + -286. Let k(a) = a**2 - 3*a - 8. Let i be k(v). Let f(y) = -2*y - 1. Calculate f(i).
-5
Let y(t) be the first derivative of t**2 - 1/4*t**4 + 0*t - 74 + 0*t**3. Give y(-3).
21
Suppose 70 = 6*j + 10. Let p = 10 - j. Let z(o) = -o**3 - o**2 + o - 27. Determine z(p).
-27
Let l(c) = 41 - 36*c - 72 + 30 - 2*c**2. Let k be l(-18). Let i(o) = -2*o + 5. Let z(r) = -1. Let f(b) = k*i(b) - 4*z(b). Determine f(-2).
-5
Let o(n) = 5*n**2 - 21*n - 21. Let s(i) = -11*i**2 + 43*i + 41. Let k(a) = 13*o(a) + 6*s(a). Give k(-13).
-1
Let u = -1215 - -1219. Let b(k) be the first derivative of -25 - u*k - 1/2*k**2. What is b(-3)?
-1
Suppose -5*u + 2*h + 2*h = 28, -3*u = -h + 14. Let l(c) be the second derivative of c**4/12 + 5*c**3/6 - 3*c**2/2 + 58*c. What is l(u)?
-7
Let y(k) = -10*k + 40. Let c(i) = i**2 - 43*i - 724. Let x be c(56). Determine y(x).
0
Let m = -4683 + 4688. Let k(x) = 2*x**2 - 15*x + 27. Give k(m).
2
Let o(h) = -h**3 - 4*h**2 + 7*h + 2. Let q = -48 + 51. Suppose -4*a - 20 = q*s, -2*s + 10 = -2*a - 3*s. Calculate o(a).
-8
Let p(j) = -j**3 + 27*j**2 + 25*j + 88. Let d be p(28). Let s be 118/16*-2 - (-3)/d. Let g(q) = -q**2 - 15*q - 16. What is g(s)?
-2
Let c(a) = -32*a + 81. Let b be c(-13). Let f(i) = -1000*i + 500*i + i**2 + b*i. Calculate f(7).
28
Let a(v) = v - 5. Let s(h) = 3*h**2 - 2*h - 9. Let g be s(-3). Suppose 0 = 32*i - 35*i - g. Give a(i).
-13
Let k(a) = 26*a**3 + 2*a**2 - 1. Suppose 8*d + 52381 = 52373. What is k(d)?
-25
Let r(k) = -4*k**2. Suppose -11 = -5*v + 3*d, -3*v - 4*d = -8*d - 11. Suppose -23*x - 1357 + 1472 = 0. Suppose -v + 3 = 2*y + 5*w,